umber?
True
Let a(z) = 8*z - 3. Let f(l) = 24*l - 8. Let n(i) = 11*a(i) - 4*f(i). Let g be -2*6 - -2 - -4. Is n(g) a prime number?
True
Let n be -1*((-6)/1 - -1). Suppose n + 7 = 4*m. Is m a prime number?
True
Suppose -759 = 5*h + s - 2936, -5*h + 4*s + 2167 = 0. Suppose -4*k = -h - 993. Suppose -2*t = -5*t + k. Is t a prime number?
False
Suppose 41 - 128 = -2*l - 5*o, 5*l + o - 160 = 0. Is l prime?
True
Suppose -143 = -2*l - l - 5*o, -135 = -3*l + 3*o. Suppose -x - l = -3*x. Is x prime?
True
Is 30/(-90) + (-1696)/(-3) prime?
False
Let h be 0/(1 - -2) + 2. Suppose h*v - 70 = -0*v. Is v a composite number?
True
Suppose -2 = -4*i + 2*m, -3*m = 3*i + i - 17. Let l = -8 + 13. Suppose 4*q - 3*k - 71 = 2*k, l*q - 64 = -i*k. Is q composite?
True
Suppose 5*c = -2*h + 83, -h + 2*c + 0*c + 64 = 0. Let d be 1 + -1 + -2 + h. Is 2 + 1 + d - 0 a prime number?
False
Let x(u) be the third derivative of u**6/120 + u**5/15 - 5*u**4/24 + u**3/3 - 3*u**2. Let w be x(-5). Suppose 0 = -w*i + 4 + 38. Is i a composite number?
True
Is 6221/9 - 0 - (-44)/(-198) a prime number?
True
Let h be (-4161)/(-12) - (-3)/12. Suppose 0 = -3*p + 46 + h. Is p a composite number?
False
Suppose 3*a = -4*j + 2, -1 = -a - 0*a - j. Suppose -3*u - 126 + 741 = a*n, -2*u - 2*n = -412. Is u a composite number?
True
Let x(n) = 4*n + 2. Let d = -1 - 1. Let h be x(d). Let a(r) = -5*r - 5. Is a(h) a prime number?
False
Let n = -34 - -58. Suppose 3*u - n = -u. Is 357/u + 1/(-2) composite?
False
Let b = 370 - 101. Is b composite?
False
Let l(m) = -22*m + 1. Let f(x) = x**3 - 7*x**2 - 7. Let q be f(7). Is l(q) a composite number?
True
Suppose 20 = -5*w, -1892 = -2*g - 7*w + 2*w. Let c = -549 + g. Let l = c - 196. Is l composite?
False
Let g(s) = 475*s + 1. Is g(4) composite?
False
Suppose 2 - 6 = -2*a. Suppose -b = a*b. Suppose b = 4*o + 2*k - 318, 3*o - 4*k - 312 = -o. Is o prime?
True
Let r be (-1)/3 + (-2732)/(-6). Suppose 4*c = -c + r. Is c a prime number?
False
Is (-9117)/(-27) - 4/(-3) composite?
True
Let d(f) = -3*f**3 - 4*f**2 + 4*f - 4. Let p be d(-4). Suppose -p + 23 = -g. Is g a composite number?
True
Let u = 95 - -278. Is u prime?
True
Suppose 269*t = 267*t + 52. Is t prime?
False
Suppose -5*v + 0 + 20 = 0. Suppose -2*q - v*j + 3*j = -73, 0 = -5*q + 5*j + 190. Is q a prime number?
True
Is 3 + (1 - -48 - -3) a prime number?
False
Let z be -2 + 5 + (-1)/1. Suppose j - z*u - 6 = -4*j, 4*u = 2*j + 4. Suppose 71 = o - 2*m, 3*o + 0*m + j*m - 237 = 0. Is o a composite number?
True
Suppose 6*s = 4*s + 6. Suppose 0 = s*a - 5*a + 530. Is a prime?
False
Let a(k) = k. Let i be a(5). Suppose -5*o + 3*j - 1 = -2, 0 = -i*j + 15. Suppose -6*x + 5*m + 180 = -3*x, o*m + 226 = 4*x. Is x composite?
True
Is ((3 - 4)/(-1))/(2/894) composite?
True
Suppose -8*r - 18466 = -22*r. Is r composite?
False
Let k(n) = -n**3 + 10*n**2 - 3*n + 19. Is k(8) a prime number?
False
Let z(c) = c**3 + 10*c**2 + 6*c - 13. Is z(8) composite?
False
Is (7391 - 3)/2*4/8 a prime number?
True
Let f(a) = -a + 10. Let k be f(7). Suppose 0 = -s - 0*n + 2*n - 112, -336 = 3*s + k*n. Let d = 51 - s. Is d composite?
False
Let q(v) = 6*v**2 + 4*v - 5. Suppose 5*l = -0*l + 5*y - 55, -36 = 3*l - 4*y. Is q(l) a composite number?
False
Suppose -4*h + 4*k = 3*k - 1632, 3*k + 1640 = 4*h. Is h a composite number?
True
Let t = 105 - 231. Is 2*2*t/(-24) a composite number?
True
Suppose -677 = -3*t + 4*v, -2*v = 2*t - 384 - 58. Is t a prime number?
True
Suppose 3*i = -4*h + 8200, -3*h - 5*i = 2*h - 10255. Is h a composite number?
True
Is 2*((-6999)/(-6))/1 prime?
True
Let v(u) = -100*u + 17. Is v(-5) prime?
False
Let q(w) = w**2 - 8*w + 10. Let p be q(7). Suppose -p*l - 4*j = -127, 0*l + 4*j + 216 = 4*l. Is l composite?
True
Let h(f) = 2*f**2 - 5*f - 3. Let z be h(5). Suppose -2*y + z = -16. Is y a prime number?
True
Let c be (282/4)/(6/(-8)). Let s = -77 + 20. Let q = s - c. Is q composite?
False
Let y(t) = -t**3 - t + 317. Is y(0) prime?
True
Suppose -2*c + 153 = -129. Is c composite?
True
Let j = 2144 - 829. Is j composite?
True
Is (4774/10 - -2) + (-2)/5 prime?
True
Let g be -2 - (0/1 + -6). Is 8 + 1 + g/(-2) a composite number?
False
Is 1262/6 - 8/(-12) composite?
False
Let d(s) = -1540*s + 9. Is d(-3) composite?
True
Let o(z) = 7*z**3 + 5*z + 1. Is o(3) composite?
True
Suppose 0 = 2*v + n + 2, -v + 4*n + 10 = -n. Suppose v = 5*z - 2*b - 1119, 5*z - 7*b = -2*b + 1125. Is z prime?
True
Suppose -5*f = 2*t - 15 - 13, 2*t - 24 = -4*f. Let r be (-2)/(-1*2/45). Suppose 0 = -f*d + d + r. Is d a composite number?
True
Let z(b) = 6*b**2 + 3*b - 4. Is z(13) composite?
False
Suppose -2*w = -3*x - 4*w + 209, -234 = -3*x + 3*w. Suppose t + v = x, 4*v = -t - 4*t + 369. Is t a composite number?
True
Let f = 223 - 82. Is f a prime number?
False
Let r = 41 + 150. Is r composite?
False
Let u = -156 - -485. Is u composite?
True
Let r(n) = -n**3 + 20*n**2 - 8*n + 2. Is r(19) composite?
False
Is 412/(-8)*(0 + -2) a composite number?
False
Let q(r) = 12*r + r + 6*r + 4*r + 8. Let y(m) = m**3 - 5*m**2 - 4*m + 1. Let c be y(6). Is q(c) composite?
False
Let b(g) = 76*g**2 - 2*g - 1. Suppose 0 = 5*q - 4*c - 140, -q = -0*c - c - 28. Let d be (-2)/(-6) - q/21. Is b(d) a composite number?
True
Is 698/3 + 1/3 a prime number?
True
Let d = 5 - 3. Let y(t) = -3*t**d - 3*t**2 + 10*t**2 + 9*t + 7. Is y(-6) a prime number?
True
Suppose -4*k + 468 = 4*d, -5*k = 2*d - d - 125. Is d prime?
False
Let s(l) = -l + 2. Let y(c) = -3*c + 1. Let m be y(-1). Let w be (-4)/3 + m/(-6). Is s(w) a composite number?
True
Let u(c) = -4*c - 3. Let q be u(-6). Let t(p) = -p**2 + 20*p - 2. Let k be t(18). Let x = k + q. Is x a prime number?
False
Let a = 9068 + 969. Is a prime?
True
Let u = 14 - 1. Suppose u*t = 10*t + 45. Is t a prime number?
False
Suppose 8*r - 771 = 1013. Is r prime?
True
Let m be 562/10 + 3/(-15). Let y = -25 + m. Is y a composite number?
False
Let s(t) = -t**3 + 8*t**2 + 9*t - 2. Let g be s(9). Let y be (g/4)/(5/(-10)). Suppose 3*r + 115 = 2*k, 5*r + y = 6. Is k composite?
False
Suppose 0 = -4*p - 2*d - 0*d - 10, 5*d + 25 = -4*p. Let y be 22/4 - ((-21)/(-6))/7. Suppose -4*r = -s - 63, -y*r + p*s - 4*s = -63. Is r composite?
True
Let b(n) = 5*n**2 - 9 + 0*n - 2*n + 7. Suppose -7*s + 3*s = 8. Is b(s) prime?
False
Let w = -1114 + 2201. Is w composite?
False
Suppose -8*t + 3*t = -60. Let a = 2 - 3. Let s = a + t. Is s composite?
False
Let p(a) = 2*a + 103. Is p(0) prime?
True
Let h(d) = -44*d**3 + 2*d**2 + 2*d + 1. Let s be h(-1). Suppose s + 200 = 5*g. Is g prime?
False
Let i = 131 - 78. Is i a composite number?
False
Suppose 0 = -5*k - 3*v + 4448 - 688, -3*k = 5*v - 2272. Is k a composite number?
True
Suppose -2*f + 0*f + 56 = 0. Is ((-6)/(-4))/(6/f) prime?
True
Suppose 3*a + 4*d = 215, -4*d = -4*a - 0*d + 324. Is a composite?
True
Let s be (-1)/(-1 - 0) - 150. Let u = 473 - 257. Let k = u + s. Is k prime?
True
Is 6/10 - (-10298)/95 prime?
True
Suppose 4*w - 1345 + 141 = 0. Is w a composite number?
True
Is ((-105)/(-20) - 1)*284 composite?
True
Suppose 4*f - 1 = -2*u + 3*f, -3*u + f = -14. Let m = -4 + 6. Is m + 45/3*u a composite number?
False
Let s(j) = 3*j**3 + 3*j**2 - 2*j - 5. Let b(q) = -q**3 - q**2 + q. Let n(v) = 4*b(v) + s(v). Let f be 3/(-6) + (-7)/2. Is n(f) prime?
False
Is 1497*-4*(-4)/48 a composite number?
False
Let j be (-1452)/(-30) + 4/(-10). Suppose j - 451 = -5*m - 4*v, -5*v - 148 = -2*m. Is m prime?
True
Let r = 26 + -15. Is r a prime number?
True
Suppose -11 = -5*w - 1. Suppose 55 = 3*v + w*b, 2*v - 6*v + b = -77. Is v prime?
True
Is 0 - (-1 - 1 - 77) composite?
False
Suppose -89*q + 87*q + 1002 = 0. Is q prime?
False
Suppose -a - 2 = -2*a. Suppose p + 25 = a*p + 3*y, -y = -5*p + 125. Is p prime?
False
Let g = -1 - -1. Suppose 3*c - 8 = 4. Suppose -s + c*s - 21 = g. Is s a prime number?
True
Suppose 2*g = -3*g. Suppose 0*a + 5*a - 90 = g. Is 122/a - (-6)/27 prime?
True
Let z(f) = -8*f - 1 + 0*f + 3 + 0. Is z(-3) a prime number?
False
Let k = -6 + 10. Is ((-2)/k)/(5/(-20)) a prime number?
True
Let k(j) = j**2 - j + 46. Is k(0) a prime number?
False
Let o = 8 + -5. Let y = o + -4. Let c(i) = 6*i**2 - i. Is c(y) a composite number?
False
Let m = -42 + 118. Is (-3)/(-2)*m/6 prime?
True
Let m(s) = s**3 + 3*s**2 - 2*s - 1. Let k be m(-3). Suppose 2*b = -4*c + 5